) = 6*s**2 - 41*s - 1032. Calculate t(17).
5
Let c(i) = -i**3 - 82*i**2 + 512*i - 1384. What is c(-88)?
24
Let y(k) = -11315*k - 22637. Calculate y(-2).
-7
Let f(t) = 105*t + 1188. Calculate f(-11).
33
Let k(x) = 4269*x + 17113. Give k(-4).
37
Let i(s) = 707*s + 12005. Give i(-17).
-14
Let s(d) = -d**2 + 27*d - 17. Determine s(11).
159
Let m(d) = -825*d + 7464. Calculate m(9).
39
Let t(j) = 3679*j - 18396. Determine t(5).
-1
Let v(k) = 19*k**2 + 11*k - 30. Determine v(3).
174
Let s(c) = -9*c + 97. Calculate s(8).
25
Let h(i) = -i**3 + 14*i**2 - i + 93. What is h(14)?
79
Let y(z) = 9*z**3 + 3*z + 4. What is y(-2)?
-74
Let f(i) = 4908*i - 559508. Calculate f(114).
4
Let a(l) = -l**2 + 38*l - 205. Calculate a(6).
-13
Let s(l) = 8*l**2 - 3*l + 61. What is s(-9)?
736
Let x(f) = -f**3 - f**2 - f - 5. Calculate x(-2).
1
Let d(m) = -3076*m - 18470. Determine d(-6).
-14
Let f(m) = -89*m - 11843. Calculate f(-133).
-6
Let g(o) = o**3 - 6*o**2 - 8*o + 60. Calculate g(6).
12
Let r(f) = 2*f**3 - 160*f**2 - 156*f - 456. What is r(81)?
30
Let h(a) = -166*a + 585. Determine h(7).
-577
Let j(c) = c**2 - 107*c - 450. What is j(-4)?
-6
Let p(t) = -2*t**3 + 29*t**2 + 25*t - 33. What is p(15)?
117
Let a(j) = 122*j**2 + 15494*j - 28. Give a(-127).
-28
Let r(k) = -k**3 - 31*k**2 + 67*k + 100. Calculate r(-33).
67
Let o(u) = -2902*u - 14517. Determine o(-5).
-7
Let q(g) = -431*g - 2245. Give q(-5).
-90
Let h(n) = n**3 + 52*n**2 + 48*n - 86. Give h(-51).
67
Let g(h) = 57*h - 454. Determine g(8).
2
Let d(p) = 20*p - 112. What is d(-7)?
-252
Let o(u) = -2*u**2 + 9*u + 31. Give o(-3).
-14
Let h(q) = 3*q**2 + 230*q + 893. Determine h(-4).
21
Let g(j) = -30*j - 165. Give g(-5).
-15
Let h(t) = -t**2 - 32*t - 69. Calculate h(-29).
18
Let g(q) = -49*q**3 - 1958*q**2 + 81*q + 41. Give g(-40).
1
Let s(v) = -12072*v + 60366. Calculate s(5).
6
Let u(h) = -25*h**2 - 55*h + 357. Calculate u(-5).
7
Let r(t) = t**3 - t**2 - 76*t + 32. Calculate r(9).
-4
Let d(j) = -j**3 + 13*j**2 + 3*j - 41. Calculate d(14).
-195
Let u(r) = 34*r**2 - 95*r + 1. Give u(3).
22
Let i(q) = 934*q + 985. Give i(-1).
51
Let i(r) = -r**3 + r**2 + 56*r - 174. Calculate i(4).
2
Let p(b) = 15*b**2 - 12*b - 7. What is p(-2)?
77
Let d(q) = -7*q**3 + 66*q**2 - 35*q + 52. What is d(9)?
-20
Let q(u) = -19*u - 232. What is q(-13)?
15
Let v(f) = 3*f**3 + 5*f**2 + 18*f + 54. Give v(-4).
-130
Let g(w) = -15*w**3 + 6*w**2 - 98*w + 181. Calculate g(2).
-111
Let l(m) = 15*m - 121. Calculate l(5).
-46
Let z(f) = 21*f**3 + 191*f**2 + 24*f + 60. Give z(-9).
6
Let i(m) = -231*m**2 - 1400*m - 85. Determine i(-6).
-1
Let o(b) = -10*b**2 - 306*b - 184. Calculate o(-30).
-4
Let w(s) = s**2 - 236*s + 2785. What is w(12)?
97
Let m(k) = k**2 + 187*k - 6480. What is m(30)?
30
Let u(g) = -11*g + 830. Calculate u(64).
126
Let n(i) = -i**3 + i**2 + 5*i - 3. Determine n(-2).
-1
Let a(y) = 53*y**2 - 6754*y - 3846. Give a(128).
-6
Let i(u) = -u**3 + 13*u**2 - 30*u + 94. Calculate i(11).
6
Let v(u) = -u**2 - 27*u + 97. Calculate v(-29).
39
Let z(y) = 69*y**2 - 610*y - 28. What is z(9)?
71
Let u(p) = 2*p**2 + 43*p + 270. Determine u(-8).
54
Let t(k) = -k**3 + 6*k**2 + 849*k - 541. Determine t(32).
3
Let v(m) = m**2 - 586*m - 1743. Give v(-3).
24
Let v(s) = -123*s - 18081. What is v(-147)?
0
Let u(w) = 2*w**3 + 37*w**2 - 40*w - 6. Calculate u(-20).
-406
Let c(j) = 34*j + 17. Determine c(-7).
-221
Let k(p) = 4*p**2 - 318*p - 2061. Calculate k(-6).
-9
Let f(h) = h**3 - 38*h**2 + 34*h - 32. Give f(37).
-143
Let t(s) = s**2 + 12*s + 13. What is t(-7)?
-22
Let j(o) = 3*o**2 + 101. Give j(7).
248
Let x(w) = 3*w**3 + 16*w**2 + 21*w + 101. Give x(-6).
-97
Let f(u) = -178*u - 699. Give f(-4).
13
Let n(p) = -p**3 - 33*p**2 + 52*p + 22. Calculate n(2).
-14
Let s(a) = 18*a + 693. Determine s(-5).
603
Let q(s) = 8*s**3 + 15*s**2 - 8*s - 12. Calculate q(-4).
-252
Let o(r) = r**3 + r**2 - 50*r - 178. What is o(-4)?
-26
Let k(w) = w**3 + 55*w**2 - 121*w - 408. Determine k(-57).
-9
Let g(f) = f**3 + 6*f**2 - 52*f - 94. Give g(-10).
26
Let m(s) = -4*s - 68. Give m(-22).
20
Let h(m) = -m**3 - 12*m**2 + 119*m + 876. Give h(-16).
-4
Let l(x) = 2*x**2 + 407*x + 3511. Determine l(-9).
10
Let y(p) = 19*p**2 + 123*p + 5. Determine y(-7).
75
Let z(x) = 1440*x + 7202. What is z(-5)?
2
Let f(v) = -253*v - 11. Give f(0).
-11
Let n(h) = h**3 + 33*h**2 + 34*h - 144. What is n(-32)?
-208
Let i(c) = 4*c**2 - 38*c - 4176. Calculate i(-28).
24
Let u(q) = -2*q**3 - 106*q**2 - 107*q - 138. Give u(-52).
18
Let y(m) = -m**3 - 2*m**2 + 82*m - 257. Give y(3).
-56
Let c(a) = -271*a - 1867. Give c(-7).
30
Let j(y) = -220*y + 764. Determine j(4).
-116
Let z(b) = 5*b + 96. Calculate z(-18).
6
Let d(x) = 17*x**2 - 1035*x + 62. Calculate d(61).
184
Let u(o) = 4*o - 197. Determine u(15).
-137
Let y(j) = -87*j - 4809. Give y(-55).
-24
Let y(m) = -11*m - 67. What is y(11)?
-188
Let g(u) = -u**2 + 175*u - 3991. Calculate g(27).
5
Let q(z) = 75*z - 731. Give q(11).
94
Let g(q) = q**3 + 9*q**2 + 17*q - 9. Give g(-5).
6
Let l(f) = f**3 + f**2 + 5*f - 58. What is l(0)?
-58
Let g(o) = -4*o**3 + 13*o**2 + 124*o - 373. Calculate g(3).
8
Let t(m) = -m**3 + 26*m**2 + 57*m + 68. Calculate t(28).
96
Let z(v) = -2*v**2 + 252*v - 6255. Give z(92).
1
Let n(t) = t**3 - 12*t**2 - 23*t + 436. Give n(10).
6
Let b(y) = 12*y**2 - 752*y - 221. What is b(63)?
31
Let o(y) = y**3 + 116*y**2 + 352*y + 1469. Determine o(-113).
0
Let z(u) = -12*u - 458. What is z(-42)?
46
Let h(v) = -v**2 + 12*v + 136. What is h(21)?
-53
Let n(d) = -7*d**2 - 36*d + 82. Calculate n(2).
-18
Let u(k) = 39*k + 967. Give u(-30).
-203
Let p(n) = 2*n**3 - 9*n**2 + 50*n - 286. Calculate p(5).
-11
Let b(w) = 14*w**2 - 1413*w - 141. Give b(101).
-40
Let m(a) = a**2 - 2633*a + 28805. Give m(11).
-37
Let y(c) = 106*c + 494. Determine y(-5).
-36
Let x(y) = 466*y - 25. What is x(-1)?
-491
Let g(d) = 65*d + 595. What is g(-9)?
10
Let g(i) = -i**2 + 38*i + 2669. What is g(-36)?
5
Let d(y) = 246*y + 2956. What is d(-12)?
4
Let n(f) = f**3 + 5*f**2 + 154*f + 1427. Determine n(-8).
3
Let p(w) = w**2 + 49*w + 461. Determine p(-43).
203
Let v(p) = -5*p - 113. Determine v(3).
-128
Let a(x) = -901*x - 6292. Calculate a(-7).
15
Let d(p) = 21*p - 256. Calculate d(13).
17
Let d(p) = 26*p**3 + 2*p**2 + 67*p - 135. Determine d(2).
215
Let x(f) = -7*f**2 - 104*f + 138. Calculate x(-16).
10
Let d(c) = c**3 - 23*c**2 - 42*c - 200. Calculate d(25).
0
Let n(t) = 15*t - 48. Calculate n(14).
162
Let z(p) = -1038*p + 6304. What is z(6)?
76
Let r(i) = 2*i**2 - 34*i + 172. Give r(12).
52
Let m(k) = -2*k**3 + 19*k**2 + k - 1. What is m(10)?
-91
Let l(c) = 5*c**3 - 3*c**2 - c + 3. Give l(-2).
-47
Let g(h) = -h**2 - 133*h - 2008. Determine g(-17).
-36
Let k(x) = 6*x + 486. Calculate k(-71).
60
Let n(v) = -12*v + 6. Calculate n(-20).
246
Let u(a) = 15*a**2 + a - 8. Determine u(-1).
6
Let z(m) = 895*m - 2679. Give z(3).
6
Let s(a) = -4*a**3 - 123*a**2 + 34*a + 72. Determine s(-31).
-21
Let q(l) = -284*l - 68. Determine q(1).
-352
Let v(g) = 766*g**2 + 2327*g + 92. Determine v(-3).
5
Let m(c) = 19*c - 2142. Calculate m(112).
-14
Let h(a) = -a**2 - 18*a - 93. What is h(-12)?
-21
Let l(q) = q**2 - 24*q - 603. What is l(-15)?
-18
Let q(s) = 2*s**3 - 14*s**2 - 28*s + 104. Calculate q(8).
8
Let r(n) = -n**2 + 48*n - 385. What is r(35)?
70
Let d(q) = -q + 141. Determine d(20).
121
Let j(k) = k**3 - 28*k**2 - 89*k - 83. Determine j(31).
41
Let f(o) = 2*o + 33. What is f(-16)?
1
Let z(g) = g**3 - 5*g**2 - 3*g + 15. Give z(2).
-3
Let i(a) = -a**3 + 8*a**2 - 9*a - 4. Determine i(2).
2
Let q(n) = -2*n**2 - 11*n + 207. Calculate q(8).
-9
Let k(z) = 201*z + 3454. Calculate k(-17).
37
Let i(n) = n**2 + 11*n + 15. What is i(-10)?
5
Let l(z) = -12*z**3 - 72*z**2 - 7*z - 34. Determine l(-6).
8
Let g(w) = -118*w + 1532. Calculate g(9).
470
Let d(v) = 72*v + 70. Give d(-1).
-2
Let l(u) = -u**3 + 25*u**2 + 146*u + 125. Calculate l(30).
5
Let m(g) = 3*g**3 - 53*g**2 + 204*g + 11. Give m(12).
11
Let v(r) = 50065*r + 300381. What is v(-6)?
-9
Let q(f) = -f**3 + 19*f**2 - 17*f + 8. Give q(18).
26
Let k(u) = -2*u**2 - 28*u - 182. Determine k(-8).
-86
Let o(i) = 2*i**2 + 64*i - 735. Determine o(-38).
-279
Let a(p) = 33*p**2 - 1153*p - 88. Determine a(35).
-18
Let u(t) = 148*t - 743. Give u(5).
-3
Let 